t i(j) = -2*j**2 - 35*j - 8. Give i(-17).
9
Let d(k) = k**2 - 14*k - 16. Determine d(16).
16
Let o(c) = -c**3 - 8*c**2 - 8*c - 10. What is o(-7)?
-3
Let m(n) = -40*n**2 + 18*n - 1. Determine m(2).
-125
Let r(g) = -2*g**3 + 49*g**2 + 24*g + 24. Give r(25).
-1
Let o(g) = 5*g - 79. Determine o(15).
-4
Let g(v) = -11*v - 75. Calculate g(-6).
-9
Let f(b) = b - 5. Determine f(6).
1
Let x(o) = o**3 - 10*o**2 + 12*o - 30. Calculate x(9).
-3
Let j(d) = 2*d**2 - 10*d - 12. Calculate j(6).
0
Let x(s) = s**3 + 10*s**2 + 29*s + 183. Calculate x(-9).
3
Let z(n) = -n + 1. Give z(1).
0
Let t(x) = -3*x**2 + 11*x - 3. Give t(3).
3
Let z(a) = -5*a + 1. Give z(2).
-9
Let o(x) = 5*x**3 - x**2 - 2. What is o(2)?
34
Let q(b) = -b**3 - 13*b**2 - 12*b - 4. Determine q(-12).
-4
Let d(b) = -b**3 + 32*b**2 + 7*b - 142. What is d(32)?
82
Let a(s) = s - 3. Determine a(5).
2
Let k(u) = 2*u - 13. Determine k(-10).
-33
Let t(j) = -j**2 + 10*j - 8. Give t(10).
-8
Let a(z) = 7*z - 45. What is a(-10)?
-115
Let l(m) = m**3 - 18*m**2 + 17*m + 2. What is l(17)?
2
Let y(m) = m**3 + 11*m**2 - 28*m - 36. What is y(-13)?
-10
Let v(u) = -2*u**2 - 3*u - 2. What is v(-4)?
-22
Let k(w) = w**2 - 6*w + 1. What is k(5)?
-4
Let v(y) = y**3 - 15*y**2 - 36*y + 24. Calculate v(17).
-10
Let m(h) = 6*h + 18. Give m(1).
24
Let r(b) = -b + 12. Calculate r(5).
7
Let y(j) = -2*j**2 - 11*j + 8. Calculate y(-6).
2
Let n(a) = -45*a**3 + 3*a**2 - 4*a + 2. Determine n(1).
-44
Let n(a) = a**3 + 12*a**2 + 9*a - 25. What is n(-11)?
-3
Let p(w) = -2*w**2 + 24*w + 25. Determine p(13).
-1
Let t(f) = -f**3 - 7*f**2 - 7*f - 7. Calculate t(-7).
42
Let z(g) = -2*g**3 + 3*g**2 - g. Determine z(2).
-6
Let c(r) = -r + 7. Determine c(-15).
22
Let o(q) = -q**2 + 7*q - 5. Determine o(4).
7
Let f(s) = 12*s - 11. Give f(2).
13
Let p(t) = -t**3 - 7*t**2 + 9*t + 14. What is p(-8)?
6
Let f(p) = 4*p + 39. Determine f(-9).
3
Let a(s) = 2*s**3 + 2*s**2 + 2*s + 3. Give a(-2).
-9
Let v(d) = d**2 + 3*d - 1. Calculate v(-6).
17
Let y(b) = 2*b + 7. Calculate y(6).
19
Let q(s) = -2*s**3 - 2*s**2 - 2*s + 1. Give q(-2).
13
Let r(l) = -2*l - 10. Calculate r(-6).
2
Let m(v) = -v**3 - 13*v**2 + 2*v + 28. What is m(-13)?
2
Let v(t) = -t - 1. Calculate v(-13).
12
Let w(b) = b**2 - 14*b + 47. Determine w(11).
14
Let g(o) = -8*o - 53. Give g(-6).
-5
Let z(b) = -2*b - 37. Give z(-17).
-3
Let n(o) = -o**2 + 9*o + 9. Determine n(10).
-1
Let o(q) = 17*q + 4. Determine o(-3).
-47
Let x(u) = -3*u - 13. Determine x(-6).
5
Let g(w) = -w**3 - 63*w**2 - 180*w + 47. What is g(-60)?
47
Let m(i) = 3*i + 2. Give m(-3).
-7
Let v(n) = -n**2 - 11*n + 10. Calculate v(-10).
20
Let h(m) = m**3 + 13*m**2 + 5*m + 5. What is h(-12)?
89
Let f(m) = 2*m - 9. Determine f(-9).
-27
Let y(l) = -2*l - 33. Give y(-9).
-15
Let k(t) = -2*t**2 - 6*t. Determine k(-4).
-8
Let g(m) = -8*m - 40. Determine g(-6).
8
Let s(j) = -3*j**3 - 8*j**2 - 5*j - 9. What is s(-3)?
15
Let c(d) = -3*d**2 + 31*d + 11. Determine c(11).
-11
Let n(y) = 6*y**2 - 8*y + 10. Determine n(5).
120
Let x(j) = j**3 + 5*j**2 + 3*j + 2. Calculate x(-3).
11
Let m(i) = -i**3 + i**2 + 21*i + 2. Calculate m(-4).
-2
Let u(q) = -5*q**3 + 8*q**2 + 15*q + 8. What is u(-1)?
6
Let d(q) = 77*q + 147. Determine d(-2).
-7
Let h(x) = -2*x**3 - x**2 + x - 28. Give h(0).
-28
Let d(i) = 3*i - 1. Give d(-1).
-4
Let f(o) = -2*o**2 + 72*o + 73. Calculate f(37).
-1
Let i(a) = -2*a**2 - 15*a + 11. Give i(-9).
-16
Let f(g) = 32*g**3 + 2*g**2 + 3*g + 2. What is f(-1)?
-31
Let r(q) = -2*q + 69. Calculate r(28).
13
Let s(h) = -7*h**2 - 3*h + 1. Calculate s(2).
-33
Let c(m) = -m**3 - 33*m**2 - 34*m - 55. What is c(-32)?
9
Let b(q) = -9*q - 10. What is b(5)?
-55
Let q(j) = -j**3 - 4*j**2 + 14*j - 14. What is q(-6)?
-26
Let h(z) = -3*z + 6. Determine h(7).
-15
Let p(b) = -b**3 + 2*b**2 - 3*b - 5. Calculate p(3).
-23
Let h(u) = u**3 + 15*u**2 + 14*u - 1. Give h(-14).
-1
Let q(r) = -25*r**2 - 3*r - 2. Give q(-2).
-96
Let r(w) = w**3 + 7*w**2 - 2*w + 46. Determine r(-8).
-2
Let m(c) = -c**3 - 8*c**2 + 10*c + 11. What is m(-9)?
2
Let k(c) = -c**3 - 4*c**2 + 7*c + 6. What is k(-6)?
36
Let i(d) = -d**2 + 11*d + 13. Determine i(12).
1
Let m(g) = g + 1. What is m(-7)?
-6
Let b(j) = j**3 - 8*j**2 + 6*j + 1. Determine b(5).
-44
Let t(l) = l**3 + 4*l**2 + l + 9. What is t(-4)?
5
Let a(w) = w**2 - 17*w - 19. Give a(18).
-1
Let k(v) = -v**3 - 60*v**2 + 126*v + 127. Calculate k(-62).
3
Let n(p) = 3*p**2 + p - 17. Give n(5).
63
Let r(b) = -b + 47. What is r(0)?
47
Let y(u) = -u + 28. What is y(0)?
28
Let n(r) = -43*r**2 + 2*r - 3. Give n(1).
-44
Let v(r) = 5*r**2 - 28*r - 135. Calculate v(-4).
57
Let h(o) = -3*o**3 + 4*o**2 - 3. Determine h(1).
-2
Let t(g) = -5*g**2 + 3*g + 2. Give t(1).
0
Let r(s) = s**3 - 5*s**2 - 7*s - 9. Give r(7).
40
Let q(h) = -2*h**2 - 2. What is q(1)?
-4
Let h(d) = -8*d - 29. What is h(-3)?
-5
Let q(i) = -i**3 - 4*i**2 - i + 6. Calculate q(-3).
0
Let k(n) = -n**2 + 11*n + 1. Calculate k(5).
31
Let j(p) = -p**2 - 12*p - 61. Determine j(-6).
-25
Let i(t) = 2*t**2 - 22*t - 6. Calculate i(11).
-6
Let c(q) = -2*q + 19. Give c(8).
3
Let z(t) = -t**3 - 15*t**2 - 2*t - 13. Give z(-15).
17
Let v(b) = -5*b + 68. Give v(9).
23
Let i(w) = -4*w - 106. Give i(-26).
-2
Let i(w) = 3*w + 164. Give i(0).
164
Let g(y) = -28*y**3 - 2*y**2 + y. Determine g(1).
-29
Let k(n) = -n + 40. Determine k(15).
25
Let k(x) = 2*x**2 + 6*x - 2. Give k(-3).
-2
Let g(d) = 21*d + 21. Determine g(-13).
-252
Let f(w) = 2*w**2 + 17*w + 35. What is f(-6)?
5
Let t(f) = -2*f**2 + 31*f - 15. Calculate t(15).
0
Let m(l) = 42*l**3 + l**2. Calculate m(1).
43
Let q(j) = -j**3 - 7*j**2 + 10*j + 27. Give q(-8).
11
Let w(p) = -p**3 + p**2 + p - 1. What is w(-2)?
9
Let v(t) = -4*t**2 - 29*t + 25. What is v(-8)?
1
Let v(c) = c**3 - 7*c**2 - 24*c + 53. Give v(9).
-1
Let c(b) = -b**3 - 18*b**2 + 14*b - 84. Calculate c(-19).
11
Let a(h) = h**3 - h**2 - 4. What is a(4)?
44
Let x(p) = 11*p**2 - 4*p - 4. Calculate x(-1).
11
Let z(s) = s**3 - 29*s**2 + 31*s - 27. Give z(28).
57
Let k(t) = 5*t - 59. What is k(11)?
-4
Let x(r) = r + 11. Give x(-4).
7
Let t(v) = -v**3 - 5*v**2 + 3*v - 6. Determine t(-5).
-21
Let c(w) = 3*w + 6. What is c(6)?
24
Let f(c) = -c - 8. Give f(-5).
-3
Let i(q) = q**3 - 8*q**2 - 10*q + 4. Calculate i(9).
-5
Let k(g) = g**2 + 5*g - 10. Give k(-7).
4
Let u(i) = i**2 + 6*i - 4. Determine u(-5).
-9
Let b(f) = -4*f + 36. Determine b(9).
0
Let u(y) = -y + 19. Determine u(17).
2
Let j(b) = -b**3 + 8*b**2 - 10*b - 8. Determine j(7).
-29
Let z(d) = -d**3 - 17*d**2 - 2*d - 62. Determine z(-17).
-28
Let n(x) = x**3 + 6*x**2 + 5*x + 4. Determine n(-5).
4
Let f(c) = c**2 - 4*c - 9. Determine f(5).
-4
Let v(s) = -8*s + 1. What is v(-2)?
17
Let p(w) = 3*w**3 - 3*w**2 - 6*w + 19. What is p(3)?
55
Let y(o) = -2*o - 24. Give y(-10).
-4
Let r(v) = -v**3 + 8*v**2 + 11*v - 13. Determine r(9).
5
Let j(d) = d**3 - 14*d**2 - 14*d - 21. Determine j(15).
-6
Let u(g) = -14*g + 60. Determine u(6).
-24
Let w(l) = l**2 - 6*l + 1. Determine w(5).
-4
Let c(w) = w**3 - 4*w**2 - w - 8. Calculate c(0).
-8
Let b(c) = -c**3 - c**2 + 2*c - 5. Give b(2).
-13
Let h(s) = s**3 + 2*s**2 - 5*s - 12. What is h(-3)?
-6
Let l(i) = -i**3 - 19*i**2 - 45*i + 34. Give l(-16).
-14
Let r(y) = -6*y - 44. Determine r(-9).
10
Let t(h) = h**2 - 2*h - 42. Calculate t(8).
6
Let c(z) = z**3 + 4*z**2 + 3. Give c(-4).
3
Let u(k) = -k**3 + 9*k**2 + 21*k - 102. Determine u(10).
8
Let j(n) = n**3 - 23*n**2 + 21*n + 32. Determine j(22).
10
Let s(j) = -3*j - 47. Determine s(0).
-47
Let b(s) = 8*s**2 - 5*s - 4. Give b(-3).
83
Let l(x) = 2*x + 40. What is l(-23)?
-6
Let h(d) = 2*d**2 + 17*d + 40. Give h(-5).
5
Let d(a) = -a + 20. Determine d(9).
11
Let z(f) = f**3 + 2*f**2 - 14*f + 1. Determine z(-5).
-4
Let s(c) = 13*c + 8. What is s(-3)?
-31
Let r(a) = -a**3 - 7*a**2 + 16*a - 16. What is r(-9)?
2
Let d(y) = -2*y**2 - 5*y. Calculate d(-4).
-12
Let d(y) = y**3 - 5*y**2 - 11*y + 51. Calculate d(6).
21
Let q(p) = 2*p. What is q(-12)?
-24
Let a(w) = 9*w - 86. Determine a(6).
-32
Let d(w) = -2*w**2 - 31*w + 20. Give d(-16).
4
Let o(l) = -4*l - 39. What is o(-10)?
1
Let j(n) = n**3 + 12*n**2 - 26*n + 18. What is j(-14)?
-10
Let h(m) = -10*m + 34. Give h(5).
-16
Let m(p) = -13*p**2 - p - 5. Determine m(-3).
-119
Let j(g) = 4*g - 3. Calcu